eds digit of 2206065?
0
What is the units digit of 300947?
7
What is the ten thousands digit of 10736882?
3
What is the hundred thousands digit of 2475945?
4
What is the thousands digit of 994522?
4
What is the thousands digit of 95722?
5
What is the hundred thousands digit of 173629?
1
What is the hundred thousands digit of 1428135?
4
What is the ten thousands digit of 2107668?
0
What is the hundred thousands digit of 7127533?
1
What is the thousands digit of 146969?
6
What is the tens digit of 211357?
5
What is the hundreds digit of 6995247?
2
What is the thousands digit of 567541?
7
What is the thousands digit of 1382500?
2
What is the ten thousands digit of 24768561?
6
What is the thousands digit of 3645253?
5
What is the thousands digit of 286130?
6
What is the units digit of 609838?
8
What is the thousands digit of 8585164?
5
What is the hundred thousands digit of 9410587?
4
What is the thousands digit of 298900?
8
What is the thousands digit of 225300?
5
What is the hundred thousands digit of 187597?
1
What is the hundreds digit of 344979?
9
What is the millions digit of 4498728?
4
What is the units digit of 1784180?
0
What is the units digit of 671717?
7
What is the ten thousands digit of 914043?
1
What is the tens digit of 960874?
7
What is the hundreds digit of 1256921?
9
What is the hundreds digit of 1439493?
4
What is the hundreds digit of 1128677?
6
What is the tens digit of 531999?
9
What is the ten thousands digit of 428848?
2
What is the units digit of 12094991?
1
What is the ten thousands digit of 837160?
3
What is the ten thousands digit of 4835051?
3
What is the units digit of 6092637?
7
What is the units digit of 20309366?
6
What is the hundreds digit of 108131?
1
What is the thousands digit of 206830?
6
What is the hundreds digit of 6168047?
0
What is the hundred thousands digit of 779966?
7
What is the hundred thousands digit of 4149278?
1
What is the units digit of 1291709?
9
What is the units digit of 996596?
6
What is the millions digit of 6944413?
6
What is the hundred thousands digit of 7346680?
3
What is the hundreds digit of 12821998?
9
What is the hundred thousands digit of 111440?
1
What is the units digit of 74154?
4
What is the millions digit of 3134247?
3
What is the tens digit of 10475876?
7
What is the ten thousands digit of 17123004?
2
What is the thousands digit of 224622?
4
What is the hundreds digit of 41188?
1
What is the hundreds digit of 19865646?
6
What is the thousands digit of 207223?
7
What is the ten thousands digit of 3679029?
7
What is the tens digit of 6132920?
2
What is the ten thousands digit of 1253622?
5
What is the hundreds digit of 652876?
8
What is the tens digit of 2342251?
5
What is the units digit of 250534?
4
What is the millions digit of 3843887?
3
What is the tens digit of 7561044?
4
What is the millions digit of 4158514?
4
What is the hundred thousands digit of 976692?
9
What is the units digit of 184616?
6
What is the millions digit of 1147916?
1
What is the thousands digit of 219793?
9
What is the ten thousands digit of 161420?
6
What is the hundreds digit of 4863779?
7
What is the ten thousands digit of 17249005?
4
What is the ten thousands digit of 11086125?
8
What is the units digit of 83530?
0
What is the units digit of 741655?
5
What is the tens digit of 246457?
5
What is the tens digit of 12045719?
1
What is the millions digit of 1757206?
1
What is the thousands digit of 3991188?
1
What is the hundreds digit of 1395504?
5
What is the hundreds digit of 572391?
3
What is the hundred thousands digit of 825965?
8
What is the ten thousands digit of 9152435?
5
What is the thousands digit of 1631070?
1
What is the ten thousands digit of 455801?
5
What is the thousands digit of 158250?
8
What is the ten thousands digit of 1686581?
8
What is the thousands digit of 19762686?
2
What is the ten millions digit of 17654709?
1
What is the thousands digit of 377173?
7
What is the units digit of 1030804?
4
What is the millions digit of 4990458?
4
What is the hundred thousands digit of 455758?
4
What is the ten thousands digit of 1313180?
1
What is the units digit of 220517?
7
What is the millions digit of 23174927?
3
What is the ten thousands digit of 1561246?
6
What is the hundred thousands digit of 3053587?
0
What is the units digit of 2437111?
1
What is the tens digit of 272276?
7
What is the hundreds digit of 4291463?
4
What is the ten thousands digit of 28289?
2
What is the hundred thousands digit of 1924386?
9
What is the hundred thousands digit of 2987007?
9
What is the thousands digit of 610300?
0
What is the hundred thousands digit of 2357298?
3
What is the hundreds digit of 5034848?
8
What is the units digit of 17500728?
8
What is the thousands digit of 3469257?
9
What is the ten thousands digit of 65251?
6
What is the tens digit of 1205674?
7
What is the hundreds digit of 1119646?
6
What is the thousands digit of 912170?
2
What is the ten thousands digit of 76685?
7
What is the thousands digit of 378670?
8
What is the ten thousands digit of 6222064?
2
What is the millions digit of 37364991?
7
What is the thousands digit of 70194?
0
What is the tens digit of 991505?
0
What is the tens digit of 1345233?
3
What is the units digit of 6769?
9
What is the ten thousands digit of 16608560?
0
What is the thousands digit of 1674537?
4
What is the hundred thousands digit of 420691?
4
What is the ten thousands digit of 2515000?
1
What is the hundred thousands digit of 2076403?
0
What is the hundred thousands digit of 116743?
1
What is the millions digit of 8375313?
8
What is the thousands digit of 21183748?
3
What is the hundreds digit of 473453?
4
What is the units digit of 7149198?
8
What is the thousands digit of 620834?
0
What is the hundred thousands digit of 518296?
5
What is the ten thousands digit of 542444?
4
What is the millions digit of 37840311?
7
What is the units digit of 10563733?
3
What is the ten thousands digit of 7874286?
7
What is the ten thousands digit of 176639?
7
What is the ten thousands digit of 1188596?
8
What is the tens digit of 1808735?
3
What is the hundreds digit of 18366147?
1
What is the ten thousands digit of 5252578?
5
What is the thousands digit of 2645302?
5
What is the hundreds digit of 5674729?
7
What is the units digit of 673384?
4
What is the hundred thousands digit of 2627012?
6
What is the units digit of 406834?
4
What is the thousands digit of 441439?
1
What is the thousands digit of 446587?
6
What is the units digit of 1170746?
6
What is the units digit of 333291?
1
What is the hundred thousands digit of 14378997?
3
What is the tens digit of 200252?
5
What is the ten thousands digit of 506039?
0
What is the hundred thousands digit of 147702?
1
What is the ten thousands digit of 988770?
8
What is the hundreds digit of 70465?
4
What is the hundreds digit of 334973?
9
What is the thousands digit of 3470014?
0
What is the hundreds digit of 390093?
0
What is the ten thousands digit of 1525771?
2
What is the ten thousands digit of 2173858?
7
What is the hundreds digit of 456410?
4
What is the units digit of 265318?
8
What is the tens digit of 179770?
7
What is the ten thousands digit of 2938528?
3
What is the thousands digit of 54001?
4
What is the units digit of 11983294?
4
What is the units digit of 101889?
9
What is the thousands digit of 295139?
5
What is the units digit of 360353?
3
What is the tens digit of 407006?
0
What is the hundred thousands digit of 2180752?
1
What is the units digit of 3489108?
8
What is the tens digit of 24966252?
5
What is the units digit of 8941317?
7
What is the hundreds digit of 2688883?
8
What is the units digit of 292792?
2
What is the thousands digit of 534709?
4
What is the thousands digit of 10764514?
4
What is the units digit of 2932523?
3
What is the hundreds digit of 102633?
6
What is the thousands digit of 880825?
0
What is the units digit of 497483?
3
What is the ten thousands digit of 11527224?
2
What is the thousands digit of 10164805?
4
What is the hundred thousands digit of 5546635?
5
What is the tens digit of 432206?
0
What is the hundreds digit of 3793958?
9
What is the units digit of 8953652?
2
What is the millions digit of 2005717?
2
What is the millions digit of 5762563?
5
What is the million